 262856?
6
What is the hundreds digit of 4382865?
8
What is the ten millions digit of 25469426?
2
What is the hundreds digit of 464583?
5
What is the thousands digit of 93143?
3
What is the tens digit of 569069?
6
What is the millions digit of 2604647?
2
What is the ten thousands digit of 131469?
3
What is the thousands digit of 137643?
7
What is the hundred thousands digit of 293619?
2
What is the thousands digit of 43486?
3
What is the ten thousands digit of 80118?
8
What is the ten thousands digit of 20450214?
5
What is the tens digit of 4657164?
6
What is the hundreds digit of 68575?
5
What is the hundred thousands digit of 980052?
9
What is the thousands digit of 258725?
8
What is the hundreds digit of 350134?
1
What is the units digit of 300108?
8
What is the units digit of 1211070?
0
What is the millions digit of 1747748?
1
What is the hundred thousands digit of 5393029?
3
What is the hundred thousands digit of 425070?
4
What is the ten thousands digit of 3947354?
4
What is the units digit of 801330?
0
What is the tens digit of 7533032?
3
What is the millions digit of 3625636?
3
What is the thousands digit of 11307772?
7
What is the units digit of 20931848?
8
What is the thousands digit of 5072700?
2
What is the ten thousands digit of 382157?
8
What is the millions digit of 1216534?
1
What is the units digit of 300182?
2
What is the hundred thousands digit of 332410?
3
What is the units digit of 48902?
2
What is the units digit of 183787?
7
What is the thousands digit of 8207301?
7
What is the ten thousands digit of 3007352?
0
What is the thousands digit of 238623?
8
What is the ten thousands digit of 205324?
0
What is the hundreds digit of 376388?
3
What is the tens digit of 378427?
2
What is the ten thousands digit of 353356?
5
What is the tens digit of 588159?
5
What is the hundreds digit of 2836641?
6
What is the ten thousands digit of 3135726?
3
What is the hundreds digit of 288371?
3
What is the hundred thousands digit of 7297445?
2
What is the hundred thousands digit of 393403?
3
What is the ten thousands digit of 5969161?
6
What is the tens digit of 585034?
3
What is the tens digit of 8502594?
9
What is the hundreds digit of 1578379?
3
What is the tens digit of 28505688?
8
What is the tens digit of 5042022?
2
What is the millions digit of 4133551?
4
What is the tens digit of 130762?
6
What is the hundred thousands digit of 4860985?
8
What is the millions digit of 1301267?
1
What is the ten thousands digit of 233986?
3
What is the tens digit of 8174438?
3
What is the hundred thousands digit of 264412?
2
What is the hundreds digit of 1058300?
3
What is the hundreds digit of 783816?
8
What is the thousands digit of 4545339?
5
What is the ten thousands digit of 25266412?
6
What is the thousands digit of 9901703?
1
What is the thousands digit of 46379?
6
What is the units digit of 629044?
4
What is the hundreds digit of 4504951?
9
What is the hundreds digit of 337062?
0
What is the ten thousands digit of 285652?
8
What is the hundred thousands digit of 870714?
8
What is the thousands digit of 198745?
8
What is the hundred thousands digit of 4783091?
7
What is the hundred thousands digit of 761852?
7
What is the thousands digit of 376367?
6
What is the tens digit of 813582?
8
What is the tens digit of 1721946?
4
What is the thousands digit of 172436?
2
What is the ten thousands digit of 298850?
9
What is the hundreds digit of 46205?
2
What is the millions digit of 6605808?
6
What is the units digit of 1012267?
7
What is the thousands digit of 12268846?
8
What is the units digit of 2068113?
3
What is the ten thousands digit of 626551?
2
What is the thousands digit of 698318?
8
What is the millions digit of 29037234?
9
What is the units digit of 12482589?
9
What is the hundred thousands digit of 1793808?
7
What is the millions digit of 8276045?
8
What is the millions digit of 1476576?
1
What is the hundreds digit of 3597827?
8
What is the tens digit of 630515?
1
What is the units digit of 274841?
1
What is the units digit of 117040?
0
What is the ten thousands digit of 11259558?
5
What is the hundreds digit of 181087?
0
What is the tens digit of 578215?
1
What is the hundreds digit of 1320463?
4
What is the millions digit of 1130856?
1
What is the millions digit of 2089136?
2
What is the ten millions digit of 10117938?
1
What is the thousands digit of 1083419?
3
What is the hundreds digit of 26733396?
3
What is the hundred thousands digit of 12441033?
4
What is the hundred thousands digit of 1051044?
0
What is the hundred thousands digit of 1610772?
6
What is the thousands digit of 145796?
5
What is the millions digit of 1027887?
1
What is the tens digit of 557493?
9
What is the hundreds digit of 852551?
5
What is the tens digit of 171939?
3
What is the millions digit of 24960770?
4
What is the hundreds digit of 200304?
3
What is the thousands digit of 392302?
2
What is the units digit of 13036478?
8
What is the hundred thousands digit of 4311297?
3
What is the hundreds digit of 7360599?
5
What is the tens digit of 3104823?
2
What is the hundred thousands digit of 1533466?
5
What is the tens digit of 9199102?
0
What is the millions digit of 2034253?
2
What is the hundred thousands digit of 222975?
2
What is the thousands digit of 4171982?
1
What is the units digit of 26481882?
2
What is the hundred thousands digit of 129927?
1
What is the ten thousands digit of 5329966?
2
What is the ten millions digit of 42326982?
4
What is the hundred thousands digit of 107935?
1
What is the hundreds digit of 156321?
3
What is the thousands digit of 1234394?
4
What is the thousands digit of 23557397?
7
What is the millions digit of 5331507?
5
What is the millions digit of 2437264?
2
What is the ten thousands digit of 2609065?
0
What is the thousands digit of 15637?
5
What is the thousands digit of 230743?
0
What is the millions digit of 1408187?
1
What is the ten thousands digit of 335781?
3
What is the millions digit of 1853603?
1
What is the ten thousands digit of 576778?
7
What is the ten thousands digit of 35063896?
6
What is the ten thousands digit of 26507305?
0
What is the units digit of 194493?
3
What is the millions digit of 11856803?
1
What is the thousands digit of 164126?
4
What is the hundred thousands digit of 7717560?
7
What is the thousands digit of 363647?
3
What is the thousands digit of 16361675?
1
What is the units digit of 432250?
0
What is the tens digit of 182316?
1
What is the ten thousands digit of 14496?
1
What is the hundred thousands digit of 409903?
4
What is the thousands digit of 156498?
6
What is the hundred thousands digit of 741134?
7
What is the ten thousands digit of 8182141?
8
What is the units digit of 5186190?
0
What is the units digit of 4683028?
8
What is the ten thousands digit of 363627?
6
What is the hundreds digit of 3305588?
5
What is the ten millions digit of 13527287?
1
What is the hundred thousands digit of 5915515?
9
What is the units digit of 24163322?
2
What is the units digit of 50939?
9
What is the tens digit of 2693233?
3
What is the units digit of 693070?
0
What is the units digit of 199984?
4
What is the thousands digit of 3073615?
3
What is the hundred thousands digit of 23236281?
2
What is the thousands digit of 15912713?
2
What is the units digit of 438301?
1
What is the ten thousands digit of 897398?
9
What is the ten thousands digit of 4387763?
8
What is the tens digit of 88565?
6
What is the hundred thousands digit of 1422695?
4
What is the units digit of 1891089?
9
What is the hundreds digit of 459539?
5
What is the ten thousands digit of 982110?
8
What is the units digit of 998570?
0
What is the ten thousands digit of 139324?
3
What is the hundred thousands digit of 550591?
5
What is the tens digit of 8513?
1
What is the ten thousands digit of 1632698?
3
What is the thousands digit of 16815?
6
What is the thousands digit of 3743467?
3
What is the thousands digit of 1541365?
1
What is the hundred thousands digit of 8940477?
9
What is the tens digit of 512928?
2
What is the tens digit of 1499877?
7
What is the ten thousands digit of 13248982?
4
What is the tens digit of 31832185?
8
What is the hundred thousands digit of 458175?
4
What is the thousands digit of 764991?
4
What is the te